{"id":12771,"date":"2021-06-25T07:00:39","date_gmt":"2021-06-25T05:00:39","guid":{"rendered":"https:\/\/sebastiannabel.com\/store\/?post_type=product&#038;p=12771"},"modified":"2024-05-20T16:42:12","modified_gmt":"2024-05-20T14:42:12","slug":"keychain-there-is-more-than-just-a-skeleton-inside","status":"publish","type":"product","link":"https:\/\/sebastiannabel.com\/store\/produkt\/keychain-there-is-more-than-just-a-skeleton-inside\/","title":{"rendered":"THERE IS MORE THAN JUST A SKELETON INSIDE"},"content":{"rendered":"<p>KEYCHAIN<\/p>\n","protected":false},"excerpt":{"rendered":"<p>Dies ist ein hochwertiger Holz-Schl\u00fcsselanh\u00e4nger, der mit einer Gr\u00f6\u00dfe von ca.4,5cm x 4cm perfekt f\u00fcr Ihre Schl\u00fcssel oder Taschen ist.<\/p>\n<p>Alle verwendeten H\u00f6lzer werden verantwortungsbewusst beschafft.<\/p>\n","protected":false},"featured_media":13755,"template":"","meta":[],"product_brand":[],"product_cat":[65],"product_tag":[],"class_list":{"0":"post-12771","1":"product","2":"type-product","3":"status-publish","4":"has-post-thumbnail","6":"product_cat-anderes","8":"first","9":"instock","10":"shipping-taxable","11":"purchasable","12":"product-type-simple"},"yoast_head":"<!-- This site is optimized with the Yoast SEO plugin v26.9 - https:\/\/yoast.com\/product\/yoast-seo-wordpress\/ -->\n<title>&quot;There Is More Than Just a Skeleton Inside&quot; \u2013 Holz-Schl\u00fcsselanh\u00e4nger | Sebastian Nabel<\/title>\n<meta name=\"description\" content=\"Entdecke den &quot;Keychain There Is More Than Just a Skeleton Inside&quot; im Sebastian Nabel Store. Holz-Schl\u00fcsselanh\u00e4nger, 4,5x4 cm. Jetzt bestellen!\" \/>\n<meta name=\"robots\" content=\"index, follow, max-snippet:-1, max-image-preview:large, max-video-preview:-1\" \/>\n<link rel=\"canonical\" href=\"https:\/\/sebastiannabel.com\/store\/produkt\/keychain-there-is-more-than-just-a-skeleton-inside\/\" \/>\n<meta property=\"og:locale\" content=\"de_DE\" \/>\n<meta property=\"og:type\" content=\"article\" \/>\n<meta property=\"og:title\" content=\"&quot;There Is More Than Just a Skeleton Inside&quot; \u2013 Holz-Schl\u00fcsselanh\u00e4nger | Sebastian Nabel\" \/>\n<meta property=\"og:description\" content=\"Entdecke den &quot;Keychain There Is More Than Just a Skeleton Inside&quot; im Sebastian Nabel Store. Holz-Schl\u00fcsselanh\u00e4nger, 4,5x4 cm. Jetzt bestellen!\" \/>\n<meta property=\"og:url\" content=\"https:\/\/sebastiannabel.com\/store\/produkt\/keychain-there-is-more-than-just-a-skeleton-inside\/\" \/>\n<meta property=\"og:site_name\" content=\"Store - sebastiannabel.com\" \/>\n<meta property=\"article:publisher\" content=\"https:\/\/www.facebook.com\/sebastiannabelStore\" \/>\n<meta property=\"article:modified_time\" content=\"2024-05-20T14:42:12+00:00\" \/>\n<meta property=\"og:image\" content=\"https:\/\/sebastiannabel.com\/store\/wp-content\/uploads\/2021\/06\/keychain_sk_2.jpg\" \/>\n\t<meta property=\"og:image:width\" content=\"1800\" \/>\n\t<meta property=\"og:image:height\" content=\"1800\" \/>\n\t<meta property=\"og:image:type\" content=\"image\/jpeg\" \/>\n<meta name=\"twitter:card\" content=\"summary_large_image\" \/>\n<meta name=\"twitter:label1\" content=\"Gesch\u00e4tzte Lesezeit\" \/>\n\t<meta name=\"twitter:data1\" content=\"1\u00a0Minute\" \/>\n<script type=\"application\/ld+json\" class=\"yoast-schema-graph\">{\"@context\":\"https:\/\/schema.org\",\"@graph\":[{\"@type\":\"WebPage\",\"@id\":\"https:\/\/sebastiannabel.com\/store\/produkt\/keychain-there-is-more-than-just-a-skeleton-inside\/\",\"url\":\"https:\/\/sebastiannabel.com\/store\/produkt\/keychain-there-is-more-than-just-a-skeleton-inside\/\",\"name\":\"\\\"There Is More Than Just a Skeleton Inside\\\" \u2013 Holz-Schl\u00fcsselanh\u00e4nger | Sebastian Nabel\",\"isPartOf\":{\"@id\":\"https:\/\/sebastiannabel.com\/store\/#website\"},\"primaryImageOfPage\":{\"@id\":\"https:\/\/sebastiannabel.com\/store\/produkt\/keychain-there-is-more-than-just-a-skeleton-inside\/#primaryimage\"},\"image\":{\"@id\":\"https:\/\/sebastiannabel.com\/store\/produkt\/keychain-there-is-more-than-just-a-skeleton-inside\/#primaryimage\"},\"thumbnailUrl\":\"https:\/\/sebastiannabel.com\/store\/wp-content\/uploads\/2021\/06\/keychain_sk_2.jpg\",\"datePublished\":\"2021-06-25T05:00:39+00:00\",\"dateModified\":\"2024-05-20T14:42:12+00:00\",\"description\":\"Entdecke den \\\"Keychain There Is More Than Just a Skeleton Inside\\\" im Sebastian Nabel Store. Holz-Schl\u00fcsselanh\u00e4nger, 4,5x4 cm. Jetzt bestellen!\",\"breadcrumb\":{\"@id\":\"https:\/\/sebastiannabel.com\/store\/produkt\/keychain-there-is-more-than-just-a-skeleton-inside\/#breadcrumb\"},\"inLanguage\":\"de\",\"potentialAction\":[{\"@type\":\"ReadAction\",\"target\":[\"https:\/\/sebastiannabel.com\/store\/produkt\/keychain-there-is-more-than-just-a-skeleton-inside\/\"]}]},{\"@type\":\"ImageObject\",\"inLanguage\":\"de\",\"@id\":\"https:\/\/sebastiannabel.com\/store\/produkt\/keychain-there-is-more-than-just-a-skeleton-inside\/#primaryimage\",\"url\":\"https:\/\/sebastiannabel.com\/store\/wp-content\/uploads\/2021\/06\/keychain_sk_2.jpg\",\"contentUrl\":\"https:\/\/sebastiannabel.com\/store\/wp-content\/uploads\/2021\/06\/keychain_sk_2.jpg\",\"width\":1800,\"height\":1800},{\"@type\":\"BreadcrumbList\",\"@id\":\"https:\/\/sebastiannabel.com\/store\/produkt\/keychain-there-is-more-than-just-a-skeleton-inside\/#breadcrumb\",\"itemListElement\":[{\"@type\":\"ListItem\",\"position\":1,\"name\":\"Startseite\",\"item\":\"https:\/\/sebastiannabel.com\/store\/store\/\"},{\"@type\":\"ListItem\",\"position\":2,\"name\":\"Alle Produkte\",\"item\":\"https:\/\/sebastiannabel.com\/store\/alle-produkte\/\"},{\"@type\":\"ListItem\",\"position\":3,\"name\":\"THERE IS MORE THAN JUST A SKELETON INSIDE\"}]},{\"@type\":\"WebSite\",\"@id\":\"https:\/\/sebastiannabel.com\/store\/#website\",\"url\":\"https:\/\/sebastiannabel.com\/store\/\",\"name\":\"Store - sebastiannabel.com\",\"description\":\"\",\"publisher\":{\"@id\":\"https:\/\/sebastiannabel.com\/store\/#organization\"},\"potentialAction\":[{\"@type\":\"SearchAction\",\"target\":{\"@type\":\"EntryPoint\",\"urlTemplate\":\"https:\/\/sebastiannabel.com\/store\/?s={search_term_string}\"},\"query-input\":{\"@type\":\"PropertyValueSpecification\",\"valueRequired\":true,\"valueName\":\"search_term_string\"}}],\"inLanguage\":\"de\"},{\"@type\":\"Organization\",\"@id\":\"https:\/\/sebastiannabel.com\/store\/#organization\",\"name\":\"Sebastian Nabel\",\"url\":\"https:\/\/sebastiannabel.com\/store\/\",\"logo\":{\"@type\":\"ImageObject\",\"inLanguage\":\"de\",\"@id\":\"https:\/\/sebastiannabel.com\/store\/#\/schema\/logo\/image\/\",\"url\":\"https:\/\/sebastiannabel.com\/store\/wp-content\/uploads\/2024\/04\/l1.png\",\"contentUrl\":\"https:\/\/sebastiannabel.com\/store\/wp-content\/uploads\/2024\/04\/l1.png\",\"width\":300,\"height\":146,\"caption\":\"Sebastian Nabel\"},\"image\":{\"@id\":\"https:\/\/sebastiannabel.com\/store\/#\/schema\/logo\/image\/\"},\"sameAs\":[\"https:\/\/www.facebook.com\/sebastiannabelStore\"]}]}<\/script>\n<!-- \/ Yoast SEO plugin. -->","yoast_head_json":{"title":"\"There Is More Than Just a Skeleton Inside\" \u2013 Holz-Schl\u00fcsselanh\u00e4nger | Sebastian Nabel","description":"Entdecke den \"Keychain There Is More Than Just a Skeleton Inside\" im Sebastian Nabel Store. Holz-Schl\u00fcsselanh\u00e4nger, 4,5x4 cm. Jetzt bestellen!","robots":{"index":"index","follow":"follow","max-snippet":"max-snippet:-1","max-image-preview":"max-image-preview:large","max-video-preview":"max-video-preview:-1"},"canonical":"https:\/\/sebastiannabel.com\/store\/produkt\/keychain-there-is-more-than-just-a-skeleton-inside\/","og_locale":"de_DE","og_type":"article","og_title":"\"There Is More Than Just a Skeleton Inside\" \u2013 Holz-Schl\u00fcsselanh\u00e4nger | Sebastian Nabel","og_description":"Entdecke den \"Keychain There Is More Than Just a Skeleton Inside\" im Sebastian Nabel Store. Holz-Schl\u00fcsselanh\u00e4nger, 4,5x4 cm. Jetzt bestellen!","og_url":"https:\/\/sebastiannabel.com\/store\/produkt\/keychain-there-is-more-than-just-a-skeleton-inside\/","og_site_name":"Store - sebastiannabel.com","article_publisher":"https:\/\/www.facebook.com\/sebastiannabelStore","article_modified_time":"2024-05-20T14:42:12+00:00","og_image":[{"width":1800,"height":1800,"url":"https:\/\/sebastiannabel.com\/store\/wp-content\/uploads\/2021\/06\/keychain_sk_2.jpg","type":"image\/jpeg"}],"twitter_card":"summary_large_image","twitter_misc":{"Gesch\u00e4tzte Lesezeit":"1\u00a0Minute"},"schema":{"@context":"https:\/\/schema.org","@graph":[{"@type":"WebPage","@id":"https:\/\/sebastiannabel.com\/store\/produkt\/keychain-there-is-more-than-just-a-skeleton-inside\/","url":"https:\/\/sebastiannabel.com\/store\/produkt\/keychain-there-is-more-than-just-a-skeleton-inside\/","name":"\"There Is More Than Just a Skeleton Inside\" \u2013 Holz-Schl\u00fcsselanh\u00e4nger | Sebastian Nabel","isPartOf":{"@id":"https:\/\/sebastiannabel.com\/store\/#website"},"primaryImageOfPage":{"@id":"https:\/\/sebastiannabel.com\/store\/produkt\/keychain-there-is-more-than-just-a-skeleton-inside\/#primaryimage"},"image":{"@id":"https:\/\/sebastiannabel.com\/store\/produkt\/keychain-there-is-more-than-just-a-skeleton-inside\/#primaryimage"},"thumbnailUrl":"https:\/\/sebastiannabel.com\/store\/wp-content\/uploads\/2021\/06\/keychain_sk_2.jpg","datePublished":"2021-06-25T05:00:39+00:00","dateModified":"2024-05-20T14:42:12+00:00","description":"Entdecke den \"Keychain There Is More Than Just a Skeleton Inside\" im Sebastian Nabel Store. Holz-Schl\u00fcsselanh\u00e4nger, 4,5x4 cm. Jetzt bestellen!","breadcrumb":{"@id":"https:\/\/sebastiannabel.com\/store\/produkt\/keychain-there-is-more-than-just-a-skeleton-inside\/#breadcrumb"},"inLanguage":"de","potentialAction":[{"@type":"ReadAction","target":["https:\/\/sebastiannabel.com\/store\/produkt\/keychain-there-is-more-than-just-a-skeleton-inside\/"]}]},{"@type":"ImageObject","inLanguage":"de","@id":"https:\/\/sebastiannabel.com\/store\/produkt\/keychain-there-is-more-than-just-a-skeleton-inside\/#primaryimage","url":"https:\/\/sebastiannabel.com\/store\/wp-content\/uploads\/2021\/06\/keychain_sk_2.jpg","contentUrl":"https:\/\/sebastiannabel.com\/store\/wp-content\/uploads\/2021\/06\/keychain_sk_2.jpg","width":1800,"height":1800},{"@type":"BreadcrumbList","@id":"https:\/\/sebastiannabel.com\/store\/produkt\/keychain-there-is-more-than-just-a-skeleton-inside\/#breadcrumb","itemListElement":[{"@type":"ListItem","position":1,"name":"Startseite","item":"https:\/\/sebastiannabel.com\/store\/store\/"},{"@type":"ListItem","position":2,"name":"Alle Produkte","item":"https:\/\/sebastiannabel.com\/store\/alle-produkte\/"},{"@type":"ListItem","position":3,"name":"THERE IS MORE THAN JUST A SKELETON INSIDE"}]},{"@type":"WebSite","@id":"https:\/\/sebastiannabel.com\/store\/#website","url":"https:\/\/sebastiannabel.com\/store\/","name":"Store - sebastiannabel.com","description":"","publisher":{"@id":"https:\/\/sebastiannabel.com\/store\/#organization"},"potentialAction":[{"@type":"SearchAction","target":{"@type":"EntryPoint","urlTemplate":"https:\/\/sebastiannabel.com\/store\/?s={search_term_string}"},"query-input":{"@type":"PropertyValueSpecification","valueRequired":true,"valueName":"search_term_string"}}],"inLanguage":"de"},{"@type":"Organization","@id":"https:\/\/sebastiannabel.com\/store\/#organization","name":"Sebastian Nabel","url":"https:\/\/sebastiannabel.com\/store\/","logo":{"@type":"ImageObject","inLanguage":"de","@id":"https:\/\/sebastiannabel.com\/store\/#\/schema\/logo\/image\/","url":"https:\/\/sebastiannabel.com\/store\/wp-content\/uploads\/2024\/04\/l1.png","contentUrl":"https:\/\/sebastiannabel.com\/store\/wp-content\/uploads\/2024\/04\/l1.png","width":300,"height":146,"caption":"Sebastian Nabel"},"image":{"@id":"https:\/\/sebastiannabel.com\/store\/#\/schema\/logo\/image\/"},"sameAs":["https:\/\/www.facebook.com\/sebastiannabelStore"]}]}},"_links":{"self":[{"href":"https:\/\/sebastiannabel.com\/store\/wp-json\/wp\/v2\/product\/12771","targetHints":{"allow":["GET"]}}],"collection":[{"href":"https:\/\/sebastiannabel.com\/store\/wp-json\/wp\/v2\/product"}],"about":[{"href":"https:\/\/sebastiannabel.com\/store\/wp-json\/wp\/v2\/types\/product"}],"wp:featuredmedia":[{"embeddable":true,"href":"https:\/\/sebastiannabel.com\/store\/wp-json\/wp\/v2\/media\/13755"}],"wp:attachment":[{"href":"https:\/\/sebastiannabel.com\/store\/wp-json\/wp\/v2\/media?parent=12771"}],"wp:term":[{"taxonomy":"product_brand","embeddable":true,"href":"https:\/\/sebastiannabel.com\/store\/wp-json\/wp\/v2\/product_brand?post=12771"},{"taxonomy":"product_cat","embeddable":true,"href":"https:\/\/sebastiannabel.com\/store\/wp-json\/wp\/v2\/product_cat?post=12771"},{"taxonomy":"product_tag","embeddable":true,"href":"https:\/\/sebastiannabel.com\/store\/wp-json\/wp\/v2\/product_tag?post=12771"}],"curies":[{"name":"wp","href":"https:\/\/api.w.org\/{rel}","templated":true}]}}